{"id":13049,"date":"2020-05-31T15:56:55","date_gmt":"2020-05-31T19:56:55","guid":{"rendered":"https:\/\/confectionsann.ca\/?post_type=product&#038;p=13049"},"modified":"2021-11-15T13:28:35","modified_gmt":"2021-11-15T18:28:35","slug":"sous-plat-micro-onde","status":"publish","type":"product","link":"https:\/\/confectionsann.ca\/index.php\/produit\/sous-plat-micro-onde\/","title":{"rendered":"Sous plat micro-onde"},"content":{"rendered":"","protected":false},"excerpt":{"rendered":"<p>Sous-plat du micro-onde \u00e0 la table. Emp\u00eache les br\u00fblures lors de la sortie du plat du micro-onde.<br \/>\nPeut servir de sous-plat pour prot\u00e9ger la table d&rsquo;un contenant chaud.<\/p>\n<p>-3 sous-plat de grandeurs diff\u00e9rentes (10, 12 et 14 cm)<\/p>\n","protected":false},"featured_media":471,"template":"","meta":[],"product_cat":[34],"product_tag":[],"_links":{"self":[{"href":"https:\/\/confectionsann.ca\/index.php\/wp-json\/wp\/v2\/product\/13049"}],"collection":[{"href":"https:\/\/confectionsann.ca\/index.php\/wp-json\/wp\/v2\/product"}],"about":[{"href":"https:\/\/confectionsann.ca\/index.php\/wp-json\/wp\/v2\/types\/product"}],"wp:featuredmedia":[{"embeddable":true,"href":"https:\/\/confectionsann.ca\/index.php\/wp-json\/wp\/v2\/media\/471"}],"wp:attachment":[{"href":"https:\/\/confectionsann.ca\/index.php\/wp-json\/wp\/v2\/media?parent=13049"}],"wp:term":[{"taxonomy":"product_cat","embeddable":true,"href":"https:\/\/confectionsann.ca\/index.php\/wp-json\/wp\/v2\/product_cat?post=13049"},{"taxonomy":"product_tag","embeddable":true,"href":"https:\/\/confectionsann.ca\/index.php\/wp-json\/wp\/v2\/product_tag?post=13049"}],"curies":[{"name":"wp","href":"https:\/\/api.w.org\/{rel}","templated":true}]}}